mmon factor of 618792 and 118.
118
Calculate the greatest common factor of 143 and 8567.
13
What is the greatest common divisor of 4 and 803356?
4
What is the greatest common factor of 170387 and 505?
101
What is the greatest common factor of 1272 and 1308?
12
Calculate the greatest common factor of 38 and 4617.
19
What is the highest common factor of 26 and 192153?
13
What is the highest common divisor of 20357520 and 2168?
2168
Calculate the greatest common divisor of 39 and 8961.
3
Calculate the highest common divisor of 12798 and 2628.
18
Calculate the highest common divisor of 50 and 20075.
25
What is the greatest common factor of 191552 and 34?
2
What is the highest common divisor of 5304 and 188?
4
Calculate the highest common factor of 468622 and 714.
238
What is the highest common factor of 5952 and 11067?
93
What is the highest common factor of 20 and 155860?
20
Calculate the highest common divisor of 5099 and 139.
1
What is the greatest common divisor of 89534 and 2581?
89
What is the highest common factor of 2610882 and 198?
18
Calculate the greatest common divisor of 477 and 1090899.
477
What is the highest common divisor of 90 and 5820?
30
Calculate the highest common divisor of 222611 and 49321.
1333
Calculate the greatest common divisor of 78 and 179595.
39
What is the highest common divisor of 984 and 1434426?
246
Calculate the highest common divisor of 53 and 89729.
53
Calculate the greatest common divisor of 247 and 45812.
13
What is the highest common factor of 162 and 594630?
18
Calculate the greatest common divisor of 960 and 46.
2
Calculate the greatest common divisor of 4305 and 23730.
105
Calculate the highest common divisor of 35355 and 925.
5
What is the greatest common factor of 135 and 45414?
27
Calculate the highest common factor of 4650 and 10750.
50
What is the greatest common divisor of 26155 and 45?
5
What is the greatest common divisor of 2845 and 4?
1
What is the highest common factor of 43 and 1680827?
43
What is the highest common factor of 8096078 and 158?
158
What is the greatest common divisor of 1544850 and 450?
450
What is the highest common factor of 165 and 16635?
15
Calculate the highest common divisor of 982 and 9329.
491
What is the highest common divisor of 192642 and 18?
6
Calculate the highest common divisor of 87750 and 10400.
650
Calculate the highest common factor of 4687 and 3052.
109
What is the greatest common factor of 1568 and 47236?
196
What is the highest common divisor of 112 and 787192?
56
What is the greatest common factor of 596 and 4?
4
Calculate the greatest common divisor of 128849 and 1106.
553
Calculate the greatest common divisor of 1403 and 4941.
61
Calculate the greatest common factor of 11 and 8558.
11
Calculate the highest common divisor of 498 and 14774.
166
Calculate the highest common factor of 126595 and 245.
35
What is the greatest common divisor of 45 and 6580?
5
Calculate the greatest common divisor of 4025 and 844445.
805
Calculate the greatest common divisor of 25 and 41525.
25
Calculate the greatest common divisor of 51261 and 35.
7
Calculate the greatest common divisor of 64395 and 7367.
53
What is the highest common divisor of 4772 and 7?
1
What is the highest common divisor of 279733 and 1401?
467
What is the highest common divisor of 2188623 and 346?
173
Calculate the highest common divisor of 8414 and 2366.
14
Calculate the highest common divisor of 456 and 696.
24
What is the greatest common factor of 5401 and 176?
11
What is the greatest common factor of 6604 and 832?
52
What is the greatest common factor of 184584 and 24?
24
What is the highest common divisor of 225891 and 1368?
171
Calculate the highest common factor of 31043 and 514307.
839
Calculate the greatest common factor of 80850 and 675.
75
Calculate the highest common factor of 1168 and 808.
8
What is the greatest common divisor of 7849 and 1316?
47
What is the highest common divisor of 449453 and 127?
127
What is the highest common divisor of 639124 and 1196?
92
Calculate the greatest common factor of 2672351 and 913.
913
What is the highest common divisor of 1956769 and 1?
1
Calculate the highest common factor of 34364 and 1452.
484
Calculate the greatest common divisor of 178 and 230510.
178
Calculate the highest common factor of 5258 and 451.
11
Calculate the highest common divisor of 20634 and 5320.
38
Calculate the highest common divisor of 198 and 11764566.
198
What is the highest common divisor of 190 and 5323610?
190
Calculate the greatest common factor of 217 and 2842.
7
What is the greatest common divisor of 150079 and 446?
223
What is the greatest common factor of 198732 and 4?
4
What is the greatest common divisor of 39924 and 72?
36
Calculate the highest common divisor of 7711 and 165.
11
Calculate the greatest common factor of 9263 and 122956.
59
Calculate the highest common divisor of 291427 and 113.
113
What is the highest common factor of 16 and 139768?
8
Calculate the greatest common divisor of 77 and 1682373.
77
What is the greatest common factor of 4 and 354352?
4
Calculate the highest common factor of 265 and 2260.
5
What is the greatest common divisor of 92 and 149247?
23
Calculate the greatest common factor of 222 and 276.
6
Calculate the greatest common factor of 274911 and 133.
133
Calculate the highest common divisor of 3599 and 9882.
61
What is the greatest common divisor of 49 and 75845?
7
What is the highest common divisor of 12 and 65388?
12
What is the greatest common factor of 163878 and 382?
382
Calculate the highest common divisor of 2668 and 4678338.
1334
Calculate the greatest common factor of 14 and 19430.
2
Calculate the highest common factor of 16 and 6672.
16
Calculate the highest common factor of 231660 and 104.
52
Calculate the greatest common factor of 40 and 20105.
5
What is the greatest common factor of 76527 and 693?
99
What is the highest common divisor of 667 and 1525429?
667
Calculate the highest common divisor of 1254 and 15276.
114
What is the highest common factor of 2976 and 1604622?
186
What is the greatest common divisor of 700 and 154175?
175
Calculate the greatest common factor of 3819 and 1541.
67
What is the highest common divisor of 637546 and 104?
26
Calculate the highest common divisor of 71188 and 4329.
481
What is the highest common factor of 8109 and 3127?
53
What is the greatest common factor of 420 and 14368620?
420
What is the greatest common divisor of 140 and 23135?
35
Calculate the highest common factor of 2176 and 3536.
272
Calculate the highest common factor of 8 and 294472.
8
What is the greatest common divisor of 3057898 and 38?
38
Calculate the greatest common divisor of 6477 and 12.
3
Calculate the greatest common factor of 648242 and 456.
38
Calculate the greatest common divisor of 4144 and 7696.
592
What is the greatest common factor of 54432 and 11424?
672
Calculate the greatest common divisor of 548 and 61239.
137
What is the highest common divisor of 212 and 2343130?
106
What is the highest common factor of 48396 and 36?
12
What is the highest common factor of 959954 and 534?
178
Calculate the highest common factor of 124 and 130386.
62
What is the highest common factor of 1256 and 178666?
314
What is the greatest common divisor of 7625878 and 2236?
1118
What is the greatest common divisor of 725 and 4020850?
725
Calculate the highest common divisor of 447694 and 536.
134
What is the highest common factor of 36 and 65748?
12
What is the greatest common factor of 5 and 4723?
1
What is the greatest common divisor of 33 and 114631?
11
What is the greatest common divisor of 11 and 646888?
11
What is the greatest common divisor of 904 and 6721918?
226
Calculate the greatest common divisor of 2172 and 492.
12
What is the highest common factor of 392 and 1520?
8
Calculate the highest common divisor of 22784 and 384.
128
What is the highest common divisor of 2193 and 77529?
129
What is the highest common factor of 783300 and 252?
84
Calculate the highest common divisor of 336 and 1896888.
168
Calculate the greatest common factor of 1029 and 35133.
147
What is the greatest common divisor of 234 and 2033109?
117
What is the highest common divisor of 259902 and 3?
3
What is the highest common divisor of 780713 and 34